{"id":742,"date":"2018-05-26T13:54:21","date_gmt":"2018-05-26T11:54:21","guid":{"rendered":"https:\/\/www.espazoabella.com\/tienda\/taller-de-cocina-de-mercado-y-saludable\/"},"modified":"2019-01-07T19:53:10","modified_gmt":"2019-01-07T18:53:10","slug":"taller-de-cocina-de-mercado-e-saludable","status":"publish","type":"product","link":"https:\/\/www.espazoabella.com\/gl\/tienda\/taller-de-cocina-de-mercado-e-saludable\/","title":{"rendered":"Taller de Coci\u00f1a de Mercado e Saludable"},"content":{"rendered":"<p><strong>Metodolox\u00eda:<\/strong>\u00a0Curso fundamentalmente pr\u00e1ctico con algunha sesi\u00f3n demostrativa. Curso de curta duraci\u00f3n para abordar tem\u00e1ticas moi concretas<\/p>\n<p><strong>Caracter\u00edsticas:<\/strong><\/p>\n<ul>\n<li>Os mellores expertos na s\u00faa \u00e1rea<\/li>\n<li>Grupos reducidos<\/li>\n<li>Metodolox\u00edas activas.<\/li>\n<li>Certificado de Espazo Abella<\/li>\n<\/ul>\n","protected":false},"excerpt":{"rendered":"<p>Metodolox\u00eda:\u00a0Curso fundamentalmente pr\u00e1ctico con algunha sesi\u00f3n demostrativa. Curso de curta duraci\u00f3n para abordar tem\u00e1ticas moi concretas Caracter\u00edsticas: Os mellores expertos na s\u00faa \u00e1rea Grupos reducidos Metodolox\u00edas activas. Certificado de Espazo Abella<\/p>\n","protected":false},"featured_media":638,"comment_status":"open","ping_status":"closed","template":"","meta":[],"_links":{"self":[{"href":"https:\/\/www.espazoabella.com\/gl\/wp-json\/wp\/v2\/product\/742"}],"collection":[{"href":"https:\/\/www.espazoabella.com\/gl\/wp-json\/wp\/v2\/product"}],"about":[{"href":"https:\/\/www.espazoabella.com\/gl\/wp-json\/wp\/v2\/types\/product"}],"replies":[{"embeddable":true,"href":"https:\/\/www.espazoabella.com\/gl\/wp-json\/wp\/v2\/comments?post=742"}],"wp:featuredmedia":[{"embeddable":true,"href":"https:\/\/www.espazoabella.com\/gl\/wp-json\/wp\/v2\/media\/638"}],"wp:attachment":[{"href":"https:\/\/www.espazoabella.com\/gl\/wp-json\/wp\/v2\/media?parent=742"}],"curies":[{"name":"wp","href":"https:\/\/api.w.org\/{rel}","templated":true}]}}

Taller de Cociña de Mercado e Saludable

<p><strong>Metodoloxía:</strong> Curso fundamentalmente práctico con algunha sesión demostrativa. Curso de curta duración para abordar temáticas moi concretas</p>
<p><strong>Características:</strong></p>
<ul>
<li>Os mellores expertos na súa área</li>
<li>Grupos reducidos</li>
<li>Metodoloxías activas.</li>
<li>Certificado de Espazo Abella</li>
</ul>

<p>Metodoloxía: Curso fundamentalmente práctico con algunha sesión demostrativa. Curso de curta duración para abordar temáticas moi concretas Características: Os mellores expertos na súa área Grupos reducidos Metodoloxías activas. Certificado de Espazo Abella</p>
