{"id":731,"date":"2018-10-31T10:50:42","date_gmt":"2018-10-31T08:50:42","guid":{"rendered":"https:\/\/www.espazoabella.com\/tienda\/panes-contemporaneos\/"},"modified":"2019-01-07T18:57:03","modified_gmt":"2019-01-07T17:57:03","slug":"panes-contemporaneos","status":"publish","type":"product","link":"https:\/\/www.espazoabella.com\/gl\/tienda\/panes-contemporaneos\/","title":{"rendered":"Panes contempor\u00e1neos"},"content":{"rendered":"<p>O mundo do pan visto dende o prisma m\u00e1is contempor\u00e1neo de grand\u00edsimos profesionais da panadar\u00eda en Espa\u00f1a. Mestros Panadeiros da talla de Xavier Barriga, Xevi Ramon o Josep Pascual, entre outros, presentan un amplo cat\u00e1logo para os amantes do pan. Unha obra de Montagud Editores que nace do equipo da publicaci\u00f3n P\u00e3stryRevolution.<\/p>\n","protected":false},"excerpt":{"rendered":"<p>O mundo do pan visto dende o prisma m\u00e1is contempor\u00e1neo de grand\u00edsimos profesionais da panadar\u00eda en Espa\u00f1a. Mestros Panadeiros da talla de Xavier Barriga, Xevi Ramon o Josep Pascual, entre outros, presentan un amplo cat\u00e1logo para os amantes do pan. Unha obra de Montagud Editores que nace do equipo da publicaci\u00f3n P\u00e3stryRevolution.<\/p>\n","protected":false},"featured_media":329,"comment_status":"open","ping_status":"closed","template":"","meta":[],"_links":{"self":[{"href":"https:\/\/www.espazoabella.com\/gl\/wp-json\/wp\/v2\/product\/731"}],"collection":[{"href":"https:\/\/www.espazoabella.com\/gl\/wp-json\/wp\/v2\/product"}],"about":[{"href":"https:\/\/www.espazoabella.com\/gl\/wp-json\/wp\/v2\/types\/product"}],"replies":[{"embeddable":true,"href":"https:\/\/www.espazoabella.com\/gl\/wp-json\/wp\/v2\/comments?post=731"}],"wp:featuredmedia":[{"embeddable":true,"href":"https:\/\/www.espazoabella.com\/gl\/wp-json\/wp\/v2\/media\/329"}],"wp:attachment":[{"href":"https:\/\/www.espazoabella.com\/gl\/wp-json\/wp\/v2\/media?parent=731"}],"curies":[{"name":"wp","href":"https:\/\/api.w.org\/{rel}","templated":true}]}}

Panes contemporáneos

<p>O mundo do pan visto dende o prisma máis contemporáneo de grandísimos profesionais da panadaría en España. Mestros Panadeiros da talla de Xavier Barriga, Xevi Ramon o Josep Pascual, entre outros, presentan un amplo catálogo para os amantes do pan. Unha obra de Montagud Editores que nace do equipo da publicación PãstryRevolution.</p>
